rmine d(6).
10
Let u(x) = -5*x**2 + 67*x - 4. What is u(13)?
22
Let r(k) = k**3 + 36*k**2 - 2*k - 83. Calculate r(-36).
-11
Let z(q) = -q**3 - 2*q**2 - 5*q + 14. What is z(-5)?
114
Let s(r) = -23*r + 603. What is s(27)?
-18
Let m(k) = -167*k + 119. Calculate m(1).
-48
Let v(f) = 2*f**2 - 53*f - 143. Determine v(29).
2
Let p(k) = -2*k**2 - 45*k + 418. What is p(-29)?
41
Let k(d) = d**3 - 79*d**2 + 1348*d + 54. Determine k(25).
4
Let x(p) = 5*p**2 + 36*p - 38. Give x(1).
3
Let u(m) = m**3 + 5*m**2 - 34*m - 111. Determine u(-8).
-31
Let i(p) = -13*p**2 + 24*p + 10. Give i(6).
-314
Let b(y) = 22*y**2 - 815*y + 39. What is b(37)?
2
Let v(f) = -446*f + 16044. Determine v(36).
-12
Let a(i) = 3*i**2 - 45*i - 315. Determine a(20).
-15
Let l(q) = 54*q + 277. Give l(-5).
7
Let x(f) = 11*f**3 - 78*f**2 - 32*f + 218. Determine x(7).
-55
Let h(z) = -26*z**2 + 98*z - 4. Give h(5).
-164
Let t(r) = 13*r**2 - 1168*r - 36. Calculate t(90).
144
Let u(i) = 4*i + 397. Determine u(-108).
-35
Let t(d) = -103*d + 1565. Give t(15).
20
Let u(t) = 2*t**2 - 19*t - 1658. Determine u(34).
8
Let i(u) = -36*u - 186. Give i(-3).
-78
Let l(v) = 2642*v + 71342. Give l(-27).
8
Let z(n) = 7*n**2 + 1007*n - 3239. Determine z(-147).
-5
Let n(z) = 2*z**3 - 176*z**2 + 7*z - 643. Give n(88).
-27
Let v(w) = -16*w - 95. Calculate v(-7).
17
Let j(b) = -b**3 - 12*b**2 + 10*b + 116. What is j(-12)?
-4
Let u(p) = -p**3 - 11*p**2 + p + 41. Determine u(-11).
30
Let h(f) = 3*f**2 - 4*f - 137. Determine h(6).
-53
Let b(n) = -2*n**2 - 109*n - 1089. Determine b(-37).
206
Let r(k) = 3*k**2 - 33*k + 43. Calculate r(16).
283
Let h(r) = -899*r - 17063. Calculate h(-19).
18
Let k(b) = -b**3 - 17*b**2 - 23*b + 36. Determine k(-16).
148
Let g(k) = -k**2 + 108*k + 2709. Give g(-21).
0
Let x(l) = 12*l + 385. Give x(-48).
-191
Let b(a) = a**3 + 11*a**2 + 4*a + 46. What is b(-6)?
202
Let s(m) = 2*m**2 + 101*m - 43. Give s(-49).
-190
Let v(b) = -b**3 - 45*b**2 - 4*b - 185. Calculate v(-45).
-5
Let i(g) = -g**3 + g**2 + 58*g + 35. Calculate i(-7).
21
Let o(m) = 17*m**3 - 8*m + 30. Determine o(4).
1086
Let n(v) = v**3 - 265*v**2 - 264*v - 549. What is n(266)?
-17
Let d(t) = -2*t**3 - 4*t**2 + 19*t + 6. Calculate d(0).
6
Let c(t) = -37*t - 2866. Calculate c(-77).
-17
Let r(d) = -13330*d + 13. Give r(0).
13
Let t(q) = -2*q + 192. Give t(53).
86
Let p(z) = 399*z - 5579. Calculate p(14).
7
Let t(d) = -d**3 + 21*d**2 - 71*d - 38. What is t(17)?
-89
Let u(m) = 3*m**2 + 67*m - 194. Determine u(-25).
6
Let l(b) = -4*b**2 + 100*b + 41. Determine l(26).
-63
Let u(x) = -137567*x - 2. Calculate u(0).
-2
Let q(y) = 3*y**2 - 49*y + 12. Calculate q(18).
102
Let r(c) = -383*c - 5371. Calculate r(-14).
-9
Let h(v) = 8*v + 34. Give h(9).
106
Let s(i) = 25*i + 29. What is s(-6)?
-121
Let r(u) = 3*u**3 + u**2 - 5*u + 4. Determine r(3).
79
Let s(l) = l**2 + 39*l + 144. Determine s(-7).
-80
Let c(k) = 13*k + 407. Give c(-24).
95
Let z(j) = 2*j**2 + 1347*j + 6682. Determine z(-5).
-3
Let n(y) = 2*y**2 + 12*y + 12. Calculate n(-4).
-4
Let n(h) = 304*h - 1449. Calculate n(5).
71
Let o(c) = -c**2 - 95*c + 648. Calculate o(-97).
454
Let g(d) = 3*d**3 + 159*d**2 - 161*d + 40. What is g(-54)?
-14
Let n(u) = u**2 + 75*u - 166. Calculate n(-74).
-240
Let u(o) = -o**3 - 34*o**2 + 91*o - 649. Determine u(-37).
91
Let k(p) = -p**2 - 25*p - 75. What is k(-25)?
-75
Let n(j) = 15*j**3 - 495*j**2 + 59*j - 1943. Determine n(33).
4
Let y(q) = -7*q**3 + 3*q**2 + 5*q - 21. Give y(3).
-168
Let k(a) = 30*a**2 + a. Give k(1).
31
Let d(a) = -8*a**3 - 7*a**2 + 23*a - 20. Calculate d(1).
-12
Let k(b) = 113*b - 1571. Give k(14).
11
Let d(m) = -m**3 - 83*m**2 - 250*m - 804. Calculate d(-80).
-4
Let v(h) = h**2 - 72*h - 746. Give v(81).
-17
Let s(d) = d**3 - 2*d**2 - 19*d - 114. Determine s(7).
-2
Let h(y) = -1146*y + 19479. Determine h(17).
-3
Let m(y) = y**3 - 73*y**2 + 213*y - 196. Calculate m(70).
14
Let t(h) = -7*h**2 + 206*h + 116. What is t(30)?
-4
Let b(k) = k**3 + 51*k**2 + 579*k + 42. Give b(-34).
8
Let k(d) = d**2 + 11*d - 296. Determine k(-24).
16
Let l(z) = 2835*z - 14168. What is l(5)?
7
Let s(q) = 2*q**2 - 97*q + 1027. Calculate s(33).
4
Let w(f) = -4*f**3 - 7*f**2 - 17*f - 13. Determine w(-4).
199
Let l(b) = b**3 - 14*b**2 + 18*b + 33. Give l(14).
285
Let t(q) = 3*q + 63. Give t(14).
105
Let r(c) = 2*c**3 + 3*c**2 + 8*c + 18. What is r(-2)?
-2
Let r(v) = -2*v**2 - 38*v - 228. Calculate r(-9).
-48
Let m(y) = 3*y**3 + 13*y**2 - 14*y - 65. Calculate m(-4).
7
Let z(l) = -4*l**3 + 5*l**2 - 4*l + 3. What is z(2)?
-17
Let q(m) = -2*m**3 - 297*m**2 - 2243*m + 27. Determine q(-8).
-13
Let q(p) = p**3 + 6*p**2 - 14*p - 16. What is q(-5)?
79
Let a(p) = 17*p + 1027. Calculate a(-63).
-44
Let a(r) = r**3 + 31*r**2 - 33*r - 81. Give a(-32).
-49
Let v(k) = -15204*k - 121667. Give v(-8).
-35
Let z(g) = -211*g + 2722. Calculate z(12).
190
Let a(m) = -m**3 - 107*m**2 - 978*m - 55. Determine a(-10).
25
Let i(w) = -6*w**2 + 60*w + 5257. Calculate i(35).
7
Let n(o) = -1144*o + 7989. Give n(7).
-19
Let a(k) = -k**3 - 39*k**2 + 47*k + 23. Calculate a(-40).
-257
Let h(y) = -82*y**2 + 184*y - 39. Determine h(2).
1
Let o(w) = 27*w - 3104. Give o(111).
-107
Let g(c) = 47*c**2 + 318*c - 78. Give g(-7).
-1
Let q(j) = 11*j + 6. What is q(-11)?
-115
Let h(s) = -2*s**3 + 115*s**2 - 51*s - 291. Calculate h(57).
51
Let n(a) = 22*a + 785. Give n(-21).
323
Let n(c) = 15*c**2 - 24*c - 211. What is n(5)?
44
Let u(j) = 2*j**3 + 110*j**2 - 276. What is u(-55)?
-276
Let l(p) = -2*p**3 - 19*p**2 - 25*p - 3. Give l(-8).
5
Let u(a) = -32*a**2 - 1791*a + 61. Give u(-56).
5
Let g(z) = -z**2 - 103*z - 2645. Give g(-51).
7
Let d(c) = -3*c**3 + 80*c**2 - 47*c - 123. Calculate d(26).
7
Let c(a) = -52*a**3 - a**2 + 6*a - 5. Calculate c(1).
-52
Let l(q) = -32*q + 154. Determine l(7).
-70
Let o(f) = f**3 + 31*f**2 - 69*f - 78. What is o(-33)?
21
Let v(n) = 31*n**2 + 349*n + 94. What is v(-11)?
6
Let s(r) = 324*r**3 - 2*r**2 - 2*r. Give s(-1).
-324
Let o(y) = -16*y**3 - 7*y - 7. Calculate o(-1).
16
Let d(s) = -2*s**3 + 29*s**2 - 25*s - 87. Calculate d(13).
95
Let p(k) = 16*k**2 + 127*k - 21. Determine p(-8).
-13
Let a(w) = w**3 + 148*w**2 - 124*w + 3716. What is a(-149)?
-9
Let d(u) = 4*u**2 - 1488*u + 2975. Determine d(2).
15
Let k(x) = -2473*x + 7314. Calculate k(3).
-105
Let n(b) = 2*b**2 + 50*b + 22. What is n(-26)?
74
Let g(f) = -56*f - 545. What is g(-8)?
-97
Let g(l) = 155*l**3 - 3*l - 3. What is g(-1)?
-155
Let l(h) = 1709*h - 23917. Calculate l(14).
9
Let l(f) = -8133*f - 24383. What is l(-3)?
16
Let h(p) = -58*p**2 - 224*p + 746. What is h(-6)?
2
Let t(g) = -6*g**2 + 91*g - 253. Determine t(4).
15
Let h(l) = 6*l**2 - 30*l + 54. Calculate h(2).
18
Let l(w) = 163*w - 2657. Calculate l(16).
-49
Let p(x) = 20*x**3 - 12*x**2 - 32*x - 20. What is p(-1)?
-20
Let p(n) = n**2 + 16*n - 16. Give p(0).
-16
Let d(q) = -q**3 + 52*q**2 + 107*q + 33. Give d(54).
-21
Let c(f) = -2*f**2 + 349*f - 1366. Calculate c(4).
-2
Let d(y) = -y**2 + 22*y - 125. Determine d(11).
-4
Let o(s) = -s**3 + 7*s**2 - 8*s - 17. Calculate o(5).
-7
Let n(b) = 2*b**2 - 65*b + 735. Give n(14).
217
Let u(f) = 2*f**2 + 12*f - 2. Determine u(-16).
318
Let n(k) = -66*k**3 - k**2 - 11*k - 12. Determine n(-1).
64
Let q(g) = -126*g - 1046. What is q(-8)?
-38
Let c(g) = 403*g - 1200. Give c(3).
9
Let d(h) = 26*h**2 - 158*h. Give d(6).
-12
Let j(m) = 23*m + 32. What is j(-5)?
-83
Let a(h) = -2*h**3 - 156*h**2 - 180*h - 2003. What is a(-77)?
-1
Let b(i) = 2*i**3 + 19*i**2 + 13*i + 70. Determine b(-9).
34
Let i(l) = 12*l + 162. Calculate i(-22).
-102
Let a(c) = -c**3 + 18*c**2 - 14*c + 15. Determine a(17).
66
Let x(f) = 5*f - 404. Give x(74).
-34
Let m(o) = -77*o - 432. Give m(-15).
723
Let d(q) = -2*q**3 - 539*q**2 - 172*q + 26090. What is d(-269)?
-3
Let t(i) = -124*i**2 + 2*i - 4. What is t(1)?
-126
Let s(i) = -i**2 + 29*i - 338. Give s(31).
-400
Let b(h) = -2*h**2 + 9*h - 8. Determine b(3).
1
Let s(u) = u**2 - 74*u - 1875. Calculate s(-20).
5
Let c(r) = -23*r**2 + 318*r - 506. Give c(12).
-2
Let x(t) = -10*t**2 + 20*t + 48. Give x(-4).
-192
Let i(s) = s**3 - 18*s**2 + 40*s - 205. Give i(16).
-77
Let k(r) = -r**3 + 9*r**2 + 75*r - 613. What is k(10)?
37
Let g(c) = 1680*c + 94094. Determine g(-56).
14
Let u(w) = -w**3 - 50*w**2 + 53*